est common divisor of 25 and h.
5
Let n = -147 - -219. Suppose -2*g + 2*x + 66 = 0, 4*g - 2*g = 4*x + n. What is the highest common divisor of g and 6?
6
Suppose o = 3*o - 40. Let u be (-4)/5*(-750)/o. What is the highest common divisor of u and 45?
15
Let w(x) be the third derivative of x**6/120 + 13*x**5/60 - 2*x**4/3 - 8*x**3/3 - 28*x**2. Let n be w(-14). What is the greatest common divisor of n and 4?
4
Let w be 2 + 3*2/(-3) - -93. Calculate the highest common divisor of w and 155.
31
Let i(g) = -19*g**3 - 3*g**2 - 2*g. Let n be i(-2). Let m be -18 + 4/8*-4. Let d be 5*(4 + 8/m). Calculate the highest common factor of n and d.
18
Suppose u - 3*i + 7*i = 254, 5*u = i + 1354. Calculate the highest common divisor of 30 and u.
30
Let t(b) = 2*b + 2. Let f be t(0). Let y(v) = v**2 + v**f + v - 4 + 2*v. Let z be y(-4). Calculate the greatest common divisor of 40 and z.
8
Let p(d) = -26*d**3 - d - 1. Let c be p(-1). Suppose m = 3*m + 6, 49 = 4*j + m. What is the highest common factor of j and c?
13
Let w(i) = i**3 + 10*i**2 + 6*i + 3. Let x be (-20)/(-5 + 3 + 0). Let a be (-4)/(-10) + (-94)/x. Let t be w(a). What is the greatest common divisor of t and 45?
15
Let a(w) = 1 - 49*w**2 + 95*w**2 + 15*w - 47*w**2. Let c be a(14). What is the highest common factor of c and 75?
15
Suppose 0 = w - 3*q + 8*q - 7, q + 9 = 5*w. Suppose 0 = w*m + 2*x - 12, -2*m + 4*x + 5 + 1 = 0. Calculate the greatest common factor of 45 and m.
5
Let x = -7 + 9. Suppose -x*m + 4*q + 6 = m, 0 = 2*m - 3*q - 3. Suppose -3 - 9 = -g. What is the greatest common factor of m and g?
6
Let m = -16 - -20. Suppose -3*l + m*l = -5. Let n = 13 + l. What is the highest common factor of n and 16?
8
Let o be (1 - 6 - -1)*2. Let f(j) = -9*j + 5. Let n be f(o). Calculate the greatest common factor of n and 11.
11
Let r(q) = -2*q + 13. Let z be r(-8). Let c = z - -27. Suppose 0*y - 16 = -2*y. Calculate the highest common divisor of y and c.
8
Let z be (0 - 1)/(((-14)/(-16))/(-7)). Let l be ((-4)/6)/(z/(-420)). What is the highest common factor of 35 and l?
35
Suppose -2*t = o - 2, t - 37 + 11 = -3*o. Suppose -62 = -15*s + 14*s + 3*p, s + p - 86 = 0. Calculate the greatest common divisor of s and o.
10
Suppose 50*t - 3207 = -107. Calculate the highest common divisor of 527 and t.
31
Suppose 19*z = -0 - 57. Suppose 6 = -p - p. Let q be ((-144)/3)/z + p. What is the greatest common divisor of q and 39?
13
Let m(g) = -10*g + 6. Let q be m(-8). Let r = q + -305. Let p = -114 - r. What is the greatest common divisor of p and 70?
35
Suppose 105 = -7*s + 1806. Calculate the greatest common divisor of 27 and s.
27
Let k = -25 - -81. What is the greatest common factor of k and 140?
28
Suppose 0*d + 2*d = 6. Let s be (22 - (d + -4)) + 0. Let p = s - -17. What is the highest common divisor of 100 and p?
20
Let q be ((-24)/(-14) - 2) + 12/42. Suppose h - 6*h + 50 = q. Suppose i - 17 = -4*g, 5*g = i + 26 - 7. Calculate the greatest common divisor of g and h.
2
Suppose -3*p - 42 = -c, p - 103 = -0*c - 4*c. What is the greatest common divisor of c and 243?
27
Let i = 137 - 92. Suppose -i = -4*w - 5*h, -4*w + 53 = w + 3*h. What is the greatest common divisor of 40 and w?
10
Let r(p) = 93*p**3 - 5*p**2 + 6*p - 8. Let o be r(2). What is the highest common divisor of o and 91?
91
Let k be ((-138)/4)/(((-2)/100)/1). What is the greatest common factor of k and 69?
69
Let s(h) = 35*h**2 - 15. Let b be s(-3). What is the highest common divisor of 24 and b?
12
Suppose 2*s - 36 = 8. Suppose s = r - 5. What is the greatest common divisor of 297 and r?
27
Let p be 6/(-36) + (-867)/(-18). Let m be (72/(-42) - -2)/((-1)/(-42)). What is the greatest common divisor of m and p?
12
Suppose 0 = 31*p - 16*p - 1200. What is the greatest common factor of p and 10?
10
Let u(o) = 7*o + 74. Let d be u(-10). Suppose 72 = 12*z - d*z. What is the highest common divisor of z and 3?
3
Let a(m) be the first derivative of m**3 - 3*m**2/2 - 4*m - 13. Let j be a(-3). What is the greatest common factor of j and 8?
8
Let t(k) = -k + 64. Let n be t(-20). Calculate the greatest common divisor of n and 336.
84
Let d(g) be the third derivative of -5*g**4/12 + g**3/6 + 12*g**2. Let w be d(-1). What is the greatest common divisor of w and 77?
11
Suppose u = -5*m + 28, 5*m - 2*u = -u + 32. Let f(t) = -t**2 + 9*t - 3. Let h be f(m). Calculate the greatest common divisor of h and 165.
15
Suppose 15*c - 10*c = -5. Let v be (19 + c)*1/2. Let u be 3/v - 592/(-6). Calculate the highest common factor of 11 and u.
11
Suppose 34*u + 60 = 4*n + 30*u, 0 = 5*n + u - 99. Calculate the highest common factor of n and 1197.
19
Let l(p) = -p**3 + 7*p**2 + 11*p - 2. Let u(d) = -d. Let j(t) = l(t) + 6*u(t). Let f be j(6). What is the highest common divisor of f and 4?
4
Suppose 4 = f - 3. Suppose 5*k - 34 = -2*c, -7*k = -4*c - 11*k + 44. What is the highest common divisor of c and f?
7
Let k be 129 + 2 + 1 - 2. Let c(s) = s**3 + 3*s**2 - 10*s. Let u be c(-5). Let t = u + 26. What is the highest common factor of k and t?
26
Let m be (-1888)/(-72) - -4 - (-4)/(-18). What is the highest common factor of 18 and m?
6
Let m(s) = 14*s**2 + 0*s**3 - s**3 + 8*s**2 + 23 + 0*s**3 - s. Let h be m(22). What is the greatest common factor of 5 and h?
1
Let j = -509 + 1029. Calculate the greatest common divisor of j and 52.
52
Let q(f) = -f**2 - 6*f + 20. Let i be q(-6). What is the greatest common factor of i and 180?
20
Suppose -2*l + 2*t = -36, 2*l - 5*t - 36 = 2*t. What is the greatest common divisor of l and 20?
2
Let v be (-2)/(-5) + (-2242)/(-95). Calculate the greatest common factor of 136 and v.
8
Let l(i) = i**2 - 2*i - 61. Let p be l(-8). What is the highest common divisor of 1 and p?
1
Let n = 9 + -23. Let f = 28 - n. Suppose -3*x = -2*d - d - 57, 88 = 4*x + 2*d. What is the highest common factor of f and x?
21
Suppose -2*g + 50 = -0*g. Let p = -10 + g. What is the highest common factor of p and 30?
15
Let l(h) = h**2 + 5*h + 6. Let q be l(-4). Suppose 0 = -q*t + 2 + 10. Let g be (-296)/(-12) - (-2)/t. What is the greatest common factor of g and 5?
5
Let c(q) = -21*q**3 - q**2 - 2*q - 2. Let k be c(-1). Calculate the highest common divisor of k and 55.
5
Suppose -305*t = -308*t + 324. What is the highest common factor of t and 4?
4
Suppose -2*j + 3*k + 23 = -155, 0 = -2*k - 4. Let c = 24 + j. What is the greatest common divisor of 44 and c?
22
Let m be 10/60 + 1165/30. Let t(b) = b**2 + 3*b - 5. Let d be 1 + (-3 - -1) + -5. Let s be t(d). What is the greatest common divisor of m and s?
13
Let o = -18 - -33. Suppose -o = 4*c + 65. Let y = c - -50. Calculate the highest common divisor of y and 45.
15
Suppose -5*s + 475 = 5*m, m - 292 = -3*s + 5*m. Calculate the highest common divisor of 6 and s.
6
Suppose 1250 = 7*t + 3*t. Let k = -118 + 168. What is the greatest common divisor of t and k?
25
Let a be ((-26)/(-65))/((-1)/(-5)). What is the highest common divisor of 30 and a?
2
Let t be (6/8)/((-1)/40). Let i = t - -34. What is the greatest common factor of i and 4?
4
Let m be (120/(-20))/((-4)/70). Calculate the greatest common divisor of m and 280.
35
Suppose 0 = -8*o + 8141 - 1941. What is the highest common divisor of o and 75?
25
Suppose -4*k - 3659 = -5*p, -2*p = 64*k - 69*k - 1467. What is the greatest common factor of p and 43?
43
Let h(t) = -t + 8. Let m be h(-4). Calculate the highest common factor of m and 192.
12
Suppose -327*k + 324*k + 10305 = 0. What is the greatest common factor of 15 and k?
15
Let j(v) = v**2 + 6*v + 5. Let g be j(-6). Suppose 0 = -3*h + 7*h + 120. Let c = h + 35. What is the highest common divisor of c and g?
5
Suppose 10*u + 2046 = 5*v + 6*u, 2*v - 816 = u. Calculate the greatest common factor of v and 174.
58
Suppose 2 = i + i. Let m be 187/i + -4*(-4)/8. Calculate the highest common factor of m and 21.
21
Let h be 360/9 + 0 + 0. What is the highest common divisor of h and 50?
10
Let x = 155 - 65. What is the greatest common divisor of 30 and x?
30
Let q = 101 + 16. Let x = 145 - 132. Calculate the greatest common factor of x and q.
13
Let i be (-1 - (-945)/24) + 12/(-32). Calculate the highest common factor of 418 and i.
38
Let n(y) = -y**3 - 30*y**2 - 5*y - 67. Let u be n(-30). What is the greatest common factor of u and 4897?
83
Le